of 8217 and 45.
9
What is the greatest common factor of 1332 and 140304?
444
What is the greatest common factor of 1257 and 1984803?
1257
Calculate the highest common divisor of 28568 and 56.
8
Calculate the greatest common divisor of 303418 and 422.
422
What is the highest common factor of 10388 and 616?
28
What is the highest common divisor of 448 and 1367632?
112
Calculate the highest common divisor of 78798 and 690.
138
Calculate the highest common factor of 96 and 324624.
48
Calculate the greatest common factor of 10 and 19634.
2
Calculate the highest common divisor of 2083405 and 5380.
1345
What is the greatest common factor of 8094 and 342?
114
Calculate the highest common factor of 23501 and 3763.
71
Calculate the highest common factor of 14755 and 3185.
65
Calculate the highest common factor of 67137 and 920.
23
What is the greatest common factor of 67412 and 2375?
19
Calculate the highest common divisor of 37026 and 1071.
153
What is the greatest common divisor of 896 and 212800?
448
Calculate the highest common divisor of 940 and 160.
20
Calculate the highest common factor of 147 and 1781.
1
What is the greatest common divisor of 93775 and 4433?
341
What is the highest common factor of 29062 and 121?
11
Calculate the greatest common divisor of 601389 and 36.
9
What is the highest common factor of 1533 and 6468?
21
What is the greatest common divisor of 56360 and 25?
5
Calculate the greatest common factor of 173280 and 5054.
722
What is the highest common factor of 49 and 399889?
49
Calculate the highest common divisor of 29316 and 312.
12
What is the highest common factor of 176 and 31878?
22
Calculate the highest common divisor of 129 and 6688951.
43
What is the highest common factor of 245 and 6415?
5
What is the highest common factor of 53 and 267915?
53
What is the highest common divisor of 31710 and 4830?
210
Calculate the greatest common divisor of 20 and 98876.
4
What is the greatest common factor of 600576 and 102?
102
What is the greatest common divisor of 121910 and 501?
167
Calculate the greatest common factor of 936 and 53586.
234
What is the highest common factor of 37 and 8957071?
37
What is the highest common factor of 38 and 983896?
38
Calculate the greatest common factor of 1087547 and 59.
59
What is the highest common factor of 705 and 232885?
235
What is the highest common divisor of 10790395 and 77?
77
Calculate the highest common divisor of 49 and 3871.
49
What is the highest common factor of 4087 and 183?
61
Calculate the greatest common divisor of 2915 and 14840.
265
Calculate the highest common divisor of 40 and 70360.
40
Calculate the highest common factor of 19778 and 1392.
58
What is the highest common factor of 700389 and 1593?
531
What is the highest common factor of 1841 and 2104?
263
Calculate the highest common factor of 19310 and 1070.
10
What is the highest common divisor of 3207156 and 804?
804
What is the highest common divisor of 456887 and 47?
47
Calculate the highest common factor of 6 and 2379.
3
Calculate the highest common divisor of 918 and 3264.
102
Calculate the highest common divisor of 3150 and 1025.
25
What is the greatest common divisor of 363641 and 247?
19
Calculate the highest common factor of 3070303 and 543.
181
Calculate the highest common factor of 4414676 and 28.
28
Calculate the greatest common divisor of 46372 and 4.
4
Calculate the highest common factor of 460062 and 18.
18
Calculate the highest common divisor of 62734 and 70.
14
Calculate the highest common divisor of 9473166 and 1674.
1674
What is the greatest common factor of 76 and 557460?
76
What is the greatest common factor of 1015 and 35?
35
Calculate the highest common divisor of 11180 and 2555.
5
Calculate the highest common factor of 80870 and 940.
10
Calculate the greatest common divisor of 1256281 and 1066.
533
Calculate the greatest common factor of 31310 and 270.
10
Calculate the greatest common factor of 64 and 3698368.
64
Calculate the greatest common divisor of 64933 and 88.
11
Calculate the highest common factor of 114 and 1182.
6
What is the highest common divisor of 12632 and 40?
8
Calculate the highest common factor of 267646 and 1467.
163
Calculate the greatest common divisor of 25380 and 3948.
564
Calculate the highest common divisor of 48 and 5587728.
48
What is the highest common factor of 49610 and 41?
41
Calculate the highest common divisor of 208269 and 216.
9
Calculate the highest common factor of 40 and 457030.
10
What is the greatest common divisor of 95053 and 37?
37
What is the greatest common divisor of 195530 and 10?
10
What is the highest common divisor of 2068 and 484?
44
Calculate the highest common factor of 2755 and 285.
95
Calculate the highest common divisor of 1233 and 25756.
137
What is the greatest common divisor of 175 and 1875?
25
What is the highest common factor of 42 and 293853?
21
What is the greatest common factor of 1640 and 235400?
40
What is the greatest common divisor of 1945 and 5057?
389
What is the highest common factor of 52107 and 33?
33
What is the highest common factor of 1 and 6043?
1
Calculate the greatest common factor of 49629 and 1207.
71
What is the highest common divisor of 7038 and 4830?
138
Calculate the highest common divisor of 5550 and 86400.
150
Calculate the greatest common factor of 3472 and 252.
28
What is the highest common divisor of 240 and 441750?
30
Calculate the greatest common divisor of 100 and 1913900.
100
What is the highest common factor of 59296 and 3808?
544
Calculate the greatest common divisor of 954 and 34578.
18
What is the highest common divisor of 429 and 200629?
143
What is the highest common divisor of 72206 and 3634?
158
Calculate the highest common divisor of 32622 and 60.
6
What is the greatest common factor of 378 and 103446?
126
What is the highest common divisor of 23055 and 18270?
435
Calculate the highest common divisor of 248 and 387748.
124
What is the highest common divisor of 405 and 44064?
81
What is the highest common factor of 34510 and 5390?
70
Calculate the greatest common divisor of 32116 and 84.
28
Calculate the highest common divisor of 71 and 219887.
71
What is the highest common divisor of 124896 and 1248?
96
What is the highest common divisor of 572 and 67980?
44
What is the greatest common factor of 17400 and 4140?
60
What is the highest common factor of 281229 and 195?
39
What is the greatest common divisor of 25297 and 1851?
617
Calculate the greatest common factor of 336277 and 35632.
2227
Calculate the highest common divisor of 660 and 1705.
55
What is the highest common factor of 1003 and 9617?
59
Calculate the greatest common divisor of 162 and 124254.
162
What is the highest common divisor of 99 and 54189?
9
What is the highest common factor of 78890 and 1340?
10
Calculate the highest common factor of 8692 and 23124.
164
Calculate the highest common factor of 5941 and 457.
457
What is the greatest common factor of 62560 and 16?
16
What is the greatest common factor of 25660 and 500?
20
Calculate the highest common divisor of 228 and 8322.
114
What is the highest common factor of 537 and 3588413?
179
Calculate the greatest common factor of 12486 and 9.
3
Calculate the highest common factor of 110677 and 2037.
679
Calculate the greatest common divisor of 15 and 214680.
15
Calculate the highest common divisor of 60 and 732.
12
Calculate the highest common divisor of 676 and 130.
26
Calculate the highest common factor of 164430 and 1421.
203
What is the greatest common factor of 1190 and 123620?
70
What is the greatest common divisor of 660102 and 6?
6
Calculate the greatest common factor of 903881 and 11.
11
What is the greatest common divisor of 91536 and 96?
48
Calculate the greatest common divisor of 20 and 280460.
20
What is the greatest common factor of 132921 and 108?
27
What is the greatest common factor of 9342 and 1601634?
1038
What is the highest common factor of 1576 and 22888?
8
Calculate the greatest common divisor of 490 and 908215.
245
Calculate the highest common factor of 27499 and 514.
257
What is the greatest common factor of 13208 and 1664?
104
What is the greatest common divisor of 33769 and 8?
1
What is the greatest common factor of 3605 and 174650?
35
Calculate the grea